 - 20. Determine s(k).
-11
Let n(a) = a**2 + 2*a - 9. Suppose 0 = 102*z - 99*z - 75. Suppose -z*c - 92 = 33. What is n(c)?
6
Suppose -4 = a, -2*g - 2*a + 25 = -31. Suppose 5*h = -3*i + 3, -g = -4*h + 4*i + i. Let m(c) = -7*c + h*c**2 + 9*c - 2*c**2 - 1. What is m(2)?
7
Suppose -3*r = 2*z - 1511, z - 225 = -r + 277. Let j(k) = -6*k - 507 + 4*k + r. Suppose -13 + 1 = 4*g. Determine j(g).
6
Let b(i) = -4*i**2 + 79*i + 6. Let l(h) = -6*h**2 + 118*h + 11. Let r(m) = -7*b(m) + 5*l(m). What is r(19)?
-6
Let d(c) = -c**3 - 5*c**2 - 2*c - 3. Let k = -215 - -217. Suppose -16 = -l - 5*s, -4 = 4*l + k*s + s. Give d(l).
-11
Suppose 0*g = 4*g - 12. Suppose 0 = -3*y + 5*r + 29, -2*y = 2*r - g + 5. Let k be 3 + 0 + -3 + y. Let n(p) = p**2 - p. What is n(k)?
6
Let g(s) = -3*s**3 - 46*s**2 - 12*s + 53. Let q be g(-15). Let o(n) be the third derivative of -1/6*n**3 + 0*n - 1/24*n**4 + 3*n**2 + 0. Calculate o(q).
-9
Let m(p) = 4*p - 34. Let g be 178/(-3560) - 421/(-20). Give m(g).
50
Let h(q) = -q**3 - 3*q**2 + 5*q + 4. Let u(j) be the third derivative of j**6/120 - j**5/15 + j**4/6 - 19*j**3/6 + 178*j**2. Let c be u(4). What is h(c)?
-11
Let v = -53 - -66. Let k(l) = v*l**2 - 3*l**2 - 9*l**2 - 3 - 4*l - 2*l. Give k(7).
4
Let g = -3606 - -3600. Let c(q) = 0*q + 4 + 7*q + q**2 + q. Determine c(g).
-8
Let p(s) = 4*s**2 + 431*s - 552. Let r be p(-109). Let k(t) = t - 23. Determine k(r).
-30
Let s be 66/9 - 4/12. Let q(u) be the third derivative of -u**5/120 + u**4/24 - 13*u**3/6 + 3*u**2. Let h(w) be the first derivative of q(w). Give h(s).
-6
Let n be 10/3*852/20. Let c = n - 149. Let o(r) = r**2 + 7*r - 5. Determine o(c).
-5
Let j be 3/(-6) - 27/6. Let m be (2840/6 + 2)*3. Let n(k) = -5*k - m + 3*k + 1424. Determine n(j).
8
Let o(r) = r**2 + 105*r + 2054. Let y be o(-79). Let c(k) = -k**2 - 4*k - 5. Determine c(y).
-5
Let b(w) = 14*w + 88. Let a be b(-5). Let u(m) = -15 - 6*m + 29*m + m**2 - a*m. What is u(-7)?
-1
Let o(i) = -i + 7. Let s = -25 - -28. Let v be o(s). Let h(a) = -a**2 + 6*a + 4. Calculate h(v).
12
Let t(v) = 2 + 3*v - 23*v**2 + 0 + 39*v**2 - 21*v**2 + 7*v**2. Determine t(-3).
11
Let m = 102 + -183. Let q = m - -80. Let v be (-4)/(-4) + (0 - q). Let a(w) = -w**2 + 3*w + 1. Determine a(v).
3
Let y(c) = -5*c**2 + 11*c - 1. Let g(n) = -48*n**2 + 102*n - 10. Let o(q) = -2*g(q) + 19*y(q). Let w = 4 - 7. Give o(w).
-5
Let q(i) = i**3 + 9*i**2 + 9*i + 2. Let d be q(-8). Let o be 0/7 + (-3 - -7)/2. Let a(h) = -23 - 3*h + 5 + 14 + o*h. Give a(d).
2
Let x(k) = -20*k**2 + 37*k - 159. Let s(f) = -3*f**2 + 13*f. Let c(d) = 6*s(d) - x(d). Calculate c(-15).
-6
Let b(a) = a**2 + 7*a + 5. Let y be (5/2)/(2/(-4)). Let g be b(y). Let o(d) = -4*d**2 + 3*d**2 - 45 + 232 - 97 - 87 - 6*d. Calculate o(g).
8
Let i(w) = -1 + 2*w + 2*w**2 + w**3 + 45*w**3 - 43*w**3. Suppose 0 = 3*u - 4*u + 5. Suppose -y + u*y + 8 = 0. Calculate i(y).
-21
Let s(v) = 2. Suppose -3*w + 1 + 8 = 0. Let t(g) = g - 3. Suppose 2*c = 0, -2*c + 1 = 2*i - i. Let d(r) = i*t(r) + w*s(r). Give d(0).
3
Suppose 0 = -5*w - 5*b + 26 - 6, -8 = -5*w + b. Let d(m) = 1 - w - 7 - 5*m + 2 + 2. Determine d(-5).
21
Let s(k) = -k**3 - 3*k**2 + 8*k + 3. Suppose -18*l = -41*l - 115. Give s(l).
13
Let n(w) = -w**2 - 11*w - 1. Let l be -4*(8 + -2)*6/(-4). Suppose -l = -7*f + 3*f. Suppose 14 = -f*t + 7*t. Calculate n(t).
27
Let q(o) = -2*o - 5. Let k(r) = -5*r - 15. Let w(p) = -3*k(p) + 8*q(p). Let d(c) = -c**2 - 20*c. Let t be d(-23). Let u = t - -76. Calculate w(u).
-2
Let y(b) be the second derivative of b**5/20 + b**4/4 - b**3/3 + b**2/2 - 1545*b. Determine y(2).
17
Suppose 3*a + 2*q = 0, -10 = -2*a + 42*q - 40*q. Let n be ((-28)/49)/(a/(-28)) - 2. Let h(y) = -y**3 + 6*y**2 - 2*y + 4. What is h(n)?
-8
Let o(i) = i - 3973365 + 0*i + 3973331. What is o(8)?
-26
Suppose 25 - 39 = 7*a. Let y(u) = 205 + 214 + 5*u - 413. Give y(a).
-4
Let y(l) = 7*l - 29. Suppose 162 = 58*p - 1056. What is y(p)?
118
Let f(h) = h**3 + 8*h**2 + 7*h. Let o(b) = 3*b**2 - 13*b + 7. Let j be o(3). What is f(j)?
40
Let z(f) be the first derivative of f**4/4 + 2*f**3/3 - 3*f**2/2 - 4*f - 185. Calculate z(-5).
-64
Let y(z) = -51*z**3 - 11*z**2 - 7*z - 20. Suppose 62*t = 52*t - 110. Let q(x) = 25*x**3 + 6*x**2 + 4*x + 11. Let w(n) = t*q(n) - 6*y(n). Determine w(-1).
-30
Let p(l) = -4*l - 3. Let h(f) = 7*f + 15. Let t(x) = -3*h(x) - 6*p(x). Determine t(10).
3
Let m be (6 - (3 + -4 - -2))*1. Suppose 0*v - m*d = 5*v, -5*d - 16 = -3*v. Let y(b) = 16 - 847*b + b**3 - b**v + 847*b. Determine y(0).
16
Let q(n) = 1 + 4*n**2 + 1 - n**3 - 5. Suppose 5*y - 19 = p, 23*p - 21*p = 2*y - 14. Calculate q(y).
6
Let g(i) = 27595*i - 27603*i - 7 + 2. Calculate g(-6).
43
Suppose -3*d - 5*o = -2, 3*d - o = -d + 41. Let a(k) = -k**2. Let m = -93 + 90. Let f(w) = -2*w**2 - 11*w + 11. Let l(s) = m*a(s) + f(s). Give l(d).
-7
Let g(y) = 36 + 39*y**3 - 114*y - 59*y**3 + 21*y**3 - 5*y**2 - 4*y**2. Calculate g(16).
4
Let s(c) = -c**2 + 15*c + 2. Let d be s(7). Suppose 0*w - 4*a + d = w, -2*w = 2*a - 86. Let k = w - 46. Let f(j) = -j - 12. Give f(k).
-4
Suppose -66 = -3*v - 5*r, -6*v - 2*r + 66 = -3*v. Suppose -k + 7*s - v = 10*s, 0 = 2*k + s + 19. Let b(a) = a**3 + 7*a**2 - 4*a - 4. Determine b(k).
24
Let d(p) = 6*p**3 + 10 - p**3 + 9 - 7*p - 6. Let u(t) = -4*t**3 + t**2 + 6*t - 12. Let g(a) = 3*d(a) + 4*u(a). Let i be g(4). Let h(m) = -m - 1. What is h(i)?
-4
Let o(k) = -k**2 - 6*k. Let x(l) = -l**3 - 6*l**2 - 6*l + 28. Let d be x(-8). Let h = d + -210. Give o(h).
0
Suppose -17*a - 14*a + 155 = 0. Suppose 0 = -2*r + d - 21, 41 = -a*r - d - 22. Let n(o) = -o**2 - 14*o - 27. Determine n(r).
-3
Let d be (-6)/4*3/((-63)/(-70)). Let y(a) be the first derivative of -1 - 3*a**2 - 1/3*a**3 - a. What is y(d)?
4
Let k(b) be the second derivative of 49*b**3/6 - 57*b + 2. Let l(q) = 3*q. Let h(x) = 4*k(x) - 63*l(x). Determine h(-1).
-7
Let i(o) = 4 - 2*o**2 - 3*o**2 - o**3 - 6. Let x(n) = 22*n + 21. Let s be x(0). Suppose 0 = -5*y - 2*m - s, -y + 3*y = -5*m. Give i(y).
-2
Let q(j) = -3*j**3 + 3*j**2 + 13*j - 3. Let n(g) = -10*g**3 + 24*g**3 + 20*g - 8*g**3 - 5 + 4*g**2 - 11*g**3. Let o(w) = 5*n(w) - 8*q(w). Give o(-3).
2
Let x(u) = -2*u**2 + 2*u + 1. Let n = -325 + 321. Let m(f) = -7*f**2 + 11*f - 4. Let l(y) = n*x(y) + m(y). Let w(j) = 2*j + 6. Let c be w(-6). Determine l(c).
10
Let m(i) = i**2 - 9*i + 20. Let x be m(6). Let h(p) = -13 + 2 + p + p**2 - 1 - 2*p**x. Give h(0).
-12
Let n(u) = 3*u**2 - 3*u. Suppose 69 = 12*d - 9*d. Suppose d*x = 19*x + 224. Let h = -54 + x. Calculate n(h).
6
Let r(a) be the first derivative of 9*a**2/2 - 15*a + 28. Let z(q) = 5*q - 8. Let p(g) = -6*r(g) + 11*z(g). Determine p(-8).
-6
Let l(j) = -j**3 - j**2 - j + 11. Let o be l(0). Suppose 63 = 20*s - o*s. Let f(y) = y**3 - 7*y**2 - 5*y + 2. Calculate f(s).
-33
Suppose 5*y + 4*v - 536 = 0, 6*v - 12 = 3*v. Suppose -32*u + 19*u = y. Let n(c) = -c**3 - 7*c**2 + 9*c + 5. Determine n(u).
-3
Let o(c) be the third derivative of -c**5/60 + c**4/4 + 11*c**3/6 + 746*c**2. Determine o(8).
-5
Let a(w) = -w**2 - 11*w - 12. Suppose -15 = -2*m - 4*d + 1, -d - 7 = -5*m. Suppose -11 = 4*h - 5*n, -2*h + n + m = -3*n. Calculate a(h).
6
Let a(w) = w**3 + 6*w**2 - 7*w. Let j be a(-6). Let k(h) = -j*h + 36*h - h**2 + 1 + 2. Give k(-7).
-4
Let h(u) = 60*u + 99. Let n(z) = 6*z + 3. Let t(s) = -h(s) + 9*n(s). Give t(-8).
-24
Let s be 6/30*0 - (7 + -2). Let w(h) = -h - 1. Suppose -2*g - 3*g = 2*r + 4, -5*r - 5*g = -5. Let o(l) = l + 1. Let k(f) = r*o(f) + 2*w(f). What is k(s)?
-4
Let g = -23 - -78. Let x = g + -51. Suppose -3*a - x = -5*a. Let l(s) = s**2 - 2*s + 2. Determine l(a).
2
Let g(c) be the second derivative of c**4/12 - c**3/3 - 36*c**2 + 82*c. Let m be g(-8). Let s(z) = z**3 - 7*z**2 - 10*z + 3. What is s(m)?
-13
Let t(p) = 11*p**3 + p - 1. Suppose -4*k = -2*l, -2*k + 8 = 2*k. Suppose -5*s = 5*f, -5*s = -l*f - 0*f + 27. Let c be f*2/(-12) - (-6)/4. Determine t(c).
11
Suppose -4*u + 8 = 2*t, -27*u + 23*u = t - 8. Let x(p) be the second derivative of 5*p**3/3 - p**2/2 + 12*p. Give x(u).
19
Let t(j) = 24*j - 117. Let a be t(5). Let i(n) = -a*n + 461 - 236 - 237. Calculate i(-8).
12
Suppose t = 4*c + 6*t + 57, -25 = 5*t. Let a(r) = -9*r**3 - 3*r**2 + 8*r - 9. Let l(g) = -7*g**3 - 4*g**2 + 7*g - 9. Let j(f) = 3*a(f) - 4*l(f). C